4?
-14511052
In base 4, what is 30 - 2033221123?
-2033221033
In base 16, what is 4 - -1c7559?
1c755d
In base 13, what is 2a235a - -3?
2a2360
In base 10, what is -14 + 1688644?
1688630
In base 8, what is 261067 + -75?
260772
In base 10, what is 3 - -62844413?
62844416
In base 13, what is 30ac1a7c2 - 2?
30ac1a7c0
In base 16, what is -577d658 + -1?
-577d659
In base 5, what is 140040 + 1224?
141314
In base 7, what is 32541460 - 6?
32541451
In base 11, what is 5183 - -84071?
89244
In base 11, what is 663373 + -65?
663309
In base 5, what is -1324242 + 1100?
-1323142
In base 6, what is -5302542454 - -5?
-5302542445
In base 2, what is -101110111110110 + 101000110?
-101110010110000
In base 9, what is 407482 + 222?
407714
In base 14, what is 106 - -4cb401?
4cb507
In base 9, what is 8 - -334726002?
334726011
In base 12, what is 21 - 2775682?
-2775661
In base 6, what is -3 + 41525342?
41525335
In base 13, what is -15 - -2123254?
212323c
In base 7, what is 124 - -412000?
412124
In base 8, what is -14333 - -514?
-13617
In base 5, what is -10030442121 - -20?
-10030442101
In base 16, what is 34a - -1192f?
11c79
In base 3, what is 102212112 - -2111021?
112100210
In base 6, what is 11300 - 1553404?
-1542104
In base 8, what is 64236516 - -1?
64236517
In base 16, what is 18bf09 - 2d?
18bedc
In base 4, what is -31323331133 + -2?
-31323331201
In base 10, what is -4 + -63853143?
-63853147
In base 14, what is 2a48 - 166?
28c2
In base 13, what is 689 - -6a34?
73c0
In base 10, what is -22877484 - 3?
-22877487
In base 15, what is -6 - 2ce8339?
-2ce8340
In base 11, what is 1 - -1394a9a?
1394aa0
In base 9, what is -6825 - -13221?
5285
In base 15, what is -1a26a - -e8?
-1a172
In base 14, what is b2728 - -20?
b2748
In base 10, what is 613648 - 993?
612655
In base 12, what is 464 - 569?
-105
In base 13, what is -a09379 + 32?
-a09347
In base 3, what is 2201122 + 1222222112?
2002201011
In base 16, what is 7fd9 + 205?
81de
In base 6, what is -513245312 - 5?
-513245321
In base 7, what is -14253 - -62541?
45255
In base 6, what is -4 + 1451453412?
1451453404
In base 13, what is 756 - -343020?
343776
In base 9, what is -3337436 + -6?
-3337443
In base 5, what is -43242211 + -10?
-43242221
In base 9, what is -2563 + 425?
-2137
In base 15, what is 61 + -ab62e?
-ab5bd
In base 9, what is -5031078 - -41?
-5031037
In base 6, what is 3 - 24412314353?
-24412314350
In base 3, what is 111020 - -21202020000?
21202201020
In base 3, what is 220210010 + 2102?
220212112
In base 10, what is -10125071 - -2?
-10125069
In base 7, what is 266543 - 121512?
145031
In base 7, what is 16 + 32516463?
32516512
In base 3, what is -111121 - 21111000?
-21222121
In base 13, what is 1a6 - -1056b3?
105889
In base 3, what is 1020110 + 10211022?
12001202
In base 13, what is 2a - -537048?
537075
In base 5, what is -24 - -131124010?
131123431
In base 3, what is -1201 + 21111001110022?
21111001101121
In base 4, what is 110300310220203 + -10?
110300310220133
In base 4, what is -11 - 12231132213?
-12231132230
In base 14, what is 3c2688 + -16?
3c2672
In base 8, what is -6 - 10374370?
-10374376
In base 15, what is -4d508 - -75?
-4d483
In base 9, what is -141141 + -461?
-141612
In base 8, what is -165 + 415510?
415323
In base 6, what is -1332430314 + 1?
-1332430313
In base 2, what is 110100000110010 - 1110101?
110011110111101
In base 11, what is 231 - 279258?
-279027
In base 14, what is -12bd11 + -8?
-12bd19
In base 16, what is 25963 - -5c?
259bf
In base 5, what is -20 - 34403420422?
-34403420442
In base 11, what is 5a11 - 14487?
-9576
In base 5, what is -123413003 + 142?
-123412311
In base 15, what is -ad0d + -3ec?
-b20a
In base 5, what is 40140 + 133421?
224111
In base 3, what is 10010021 + -1220002011?
-1202221220
In base 11, what is 67121 - 39?
67093
In base 14, what is -201443 + -b?
-201450
In base 4, what is 2030 + -22133210?
-22131120
In base 9, what is 4 + -48764820?
-48764815
In base 10, what is -2539172 + -98?
-2539270
In base 7, what is 16116 - 2502?
13314
In base 14, what is -4b5b01 + -8?
-4b5b09
In base 13, what is 2 - -b8ba69?
b8ba6b
In base 12, what is 209 - -433796?
4339a3
In base 5, what is -411043233 - -14?
-411043214
In base 16, what is -37275 - 1f?
-37294
In base 2, what is -11011001000010 - -11011100?
-11010101100110
In base 15, what is 11a4 - -73e?
18e3
In base 8, what is -366034 + -304?
-366340
In base 9, what is 33 - -567463?
567506
In base 15, what is 3ed1 + 82ba?
c29b
In base 8, what is -4 + -60111114?
-60111120
In base 11, what is -26 - -67a5187?
67a5161
In base 11, what is -4 - 717743?
-717747
In base 5, what is -1 + 1433024014?
1433024013
In base 4, what is -10031120 - 1311210?
-12002330
In base 9, what is 10 - 15404368?
-15404358
In base 3, what is -212201220 - -2201200?
-210000020
In base 10, what is 12514 + 30094?
42608
In base 6, what is -22052524 + 151?
-22052333
In base 16, what is 4c2 - -297f?
2e41
In base 16, what is 1d618 - -153?
1d76b
In base 8, what is 310 + -64240?
-63730
In base 2, what is 1000110111110 - -11110001100111?
100111000100101
In base 7, what is 2333653523 - -2?
2333653525
In base 14, what is 83535 + 235?
8376a
In base 15, what is -280a95c6 + 2?
-280a95c4
In base 8, what is -1034412 + -1346?
-1035760
In base 2, what is -11110 + -1111101011101100000001000?
-1111101011101100000100110
In base 11, what is 32521a6 - 5?
32521a1
In base 7, what is -536545356 + -3?
-536545362
In base 10, what is -5443 + 396?
-5047
In base 15, what is -4 - -618e2d4?
618e2d0
In base 10, what is -53266433 - -1?
-53266432
In base 11, what is -35063 - 395?
-35448
In base 13, what is -37 - -1c4902?
1c4898
In base 2, what is -1000100011010110000001 - -10100?
-1000100011010101101101
In base 16, what is 2 - -9ea5db?
9ea5dd
In base 9, what is 14 - -437171?
437185
In base 8, what is -2404715 - 1024?
-2405741
In base 7, what is 1 - -65255206?
65255210
In base 16, what is 10ea81d1 - 2?
10ea81cf
In base 3, what is 121202 + -10101110?
-2202201
In base 4, what is 10210012100033 - -11?
10210012100110
In base 3, what is 2102121 + -122010200?
-112201002
In base 16, what is -24503c - -3?
-245039
In base 13, what is a8 - 57c422?
-57c347
In base 8, what is 2176 - -663506?
665704
In base 16, what is 7 - 676e9c?
-676e95
In base 10, what is -9 + 1883629?
1883620
In base 13, what is 1403cb9 + 34?
1404020
In base 13, what is 29 + 2b8aa?
2b906
In base 7, what is -110146 + -201136?
-311315
In base 2, what is 100111110110110110100 + 110?
100111110110110111010
In base 11, what is 11986823 - 2?
11986821
In base 4, what is 1323230232 + -12110?
1323212122
In base 12, what is -8b2 - 272?
-b64
In base 13, what is -29 + -186cba?
-187016
In base 2, what is -1010111111101101101100011 - -100000?
-1010111111101101101000011
In base 16, what is -17d - df2d?
-e0aa
In base 3, what is -12 + 211200012222?
211200012210
In base 10, what is -3627179 + 3?
-3627176
In base 5, what is 2 + -4332241412?
-4332241410
In base 15, what is -6cba52 + 4?
-6cba4d
In base 2, what is -110010110101010110001100110 + 0?
-110010110101010110001100110
In base 2, what is 11101110 - 1101001011110110?
-1101001000001000
In base 11, what is -1071 + -3967aa?
-397870
In base 4, what is -3332 - 2233330310?
-2300000302
In base 13, what is 36 - -416a89?
416ac2
In base 7, what is 561 - 233113?
-232222
In base 10, what is 1875768 - -13?
1875781
In base 13, what is 7296989b - 1?
7296989a
In base 8, what is -4 + -3247603?
-3247607
In base 8, what is 13710407 + 7?
13710416
In base 7, what is -14 + -1253005?
-1253022
In base 16, what is 68 + -3fa1?
-3f39
In base 7, what is -26012235 + 0?
-26012235
In base 6, what is -30 - -10201141?
10201111
In base 9, what is -3 + -21850108?
-21850112
In base 14, what is 8ac9282 - -3?
8ac9285
In base 9, what is -46601 + -67?
-46668
In base 12, what is 170b7812 - -b?
170b7821
In base 4, what is -2101011103202 + 10?
-2101011103132
In base 11, what is -1510376 + -113?
-1510489
In base 10, what is -142980 - 443?
-143423
In base 13, what is 189851 - 23a?
189614
In base 6, what is 1450 + 233054?
234544
In base 12, what is 75 - b4697?
-b4622
In base 15, what is -d8540 - -5?
-d853a
In base 5, what is 1013344 + -11130?
1002214
In base 6, what is 25 + 5040330?
5040355
In base 6, what is 224522 - 42450?
142032
In base 4, what is 23302012 + 201031?
30103